{"id":18,"date":"2017-10-25T17:28:13","date_gmt":"2017-10-25T17:28:13","guid":{"rendered":"http:\/\/kita-quirl.de\/?page_id=18"},"modified":"2025-09-10T13:24:19","modified_gmt":"2025-09-10T13:24:19","slug":"impressum","status":"publish","type":"page","link":"https:\/\/kita-quirl.de\/?page_id=18","title":{"rendered":"Impressum"},"content":{"rendered":"<p><span style=\"font-family: Arial; font-size: medium;\"><b><span style=\"color: #008000;\">1. Pfarrbezirk Gnadenkirche<br \/>\n<\/span><\/b>der Ev. Kirchengemeinde Bergisch Gladbach<br \/>\n<a href=\"https:\/\/www.kirche-gl.de\/Pfarrer.htm\"><span style=\"color: #ff0000;\">Pfarrer Tim Herzog<\/span><\/a><br \/>\nHauptstra\u00dfe 256<br \/>\n51465 Bergisch Gladbach<\/span><\/p>\n<p><span style=\"font-family: Arial; font-size: medium;\">Fon (0 22 02) 3 80 37<br \/>\nFax (0 22 02) 25 39 10<\/span><\/p>\n<p>Inhalte: Jenny Altenweg, Leiterin der Kita<br \/>\nFon (0 22 02) 3 74 75<br \/>\nFax (0 22 02) 25 13 93<br \/>\nE-Mail: kita-quirl@netcologne.de<\/p>\n<p align=\"left\"><b><span style=\"font-family: Arial; font-size: medium;\">Rechtliche Hinweise<br \/>\n<\/span><\/b><span style=\"font-family: Arial; font-size: medium;\"><span class=\"fliesstext \">Alle Rechte vorbehalten.<br \/>\nJedwede Haftungsanspr\u00fcche sind ausgeschlossen.<\/span><\/span><\/p>\n<p align=\"left\"><span style=\"font-family: Arial; font-size: medium;\"><span class=\"fliesstext \">Obwohl alle Texte sorgf\u00e4ltig recherchiert sind, kann keine Garantie f\u00fcr die Richtigkeit gegeben werden.<br \/>\nEs wird <b><span style=\"color: #008000;\"> keine Gew\u00e4hr<\/span><\/b> f\u00fcr ihre Inhalte geleistet.<\/span><\/span><\/p>\n<p>Bei externen Links wird keine Verantwortung f\u00fcr die Angaben auf diesen Seiten \u00fcbernommen.<\/p>\n<p align=\"left\"><span style=\"font-family: Arial; font-size: medium;\"><span class=\"fliesstext \">Alle Texte, Fotos, anderen Abbildungen und Inhalte unterliegen dem <span style=\"color: #008000;\"><b> Urheberrecht<\/b><\/span> und den Gesetzen zum Schutz geistigen Eigentums.<\/span><\/span><\/p>\n<p align=\"left\"><span style=\"font-family: Arial; font-size: medium;\"><span class=\"fliesstext \">Alle Inhalte sind nur zur pers\u00f6nlichen Information bestimmt.<br \/>\nJede weitere <span style=\"color: #008000;\"><b>Verwendung<\/b><\/span>, insbesondere die Speicherung in Datenbanken, Ver\u00f6ffentlichung, Vervielf\u00e4ltigung und jede gewerbliche Nutzung sowie die Weitergabe an Dritte &#8211; auch in Teilen oder \u00fcberarbeiteter Form &#8211; ohne Zustimmung der Rechteinhaber ist untersagt.<\/span><\/span><\/p>\n","protected":false},"excerpt":{"rendered":"<p>1. Pfarrbezirk Gnadenkirche der Ev. Kirchengemeinde Bergisch Gladbach Pfarrer Tim Herzog Hauptstra\u00dfe 256 51465 Bergisch Gladbach Fon (0 22 02) 3 80 37 Fax (0 22 02) 25 39 10 Inhalte: Jenny Altenweg, Leiterin der Kita Fon (0 22 02) 3 74 75 Fax (0 22 02) 25 13 93 E-Mail: kita-quirl@netcologne.de Rechtliche Hinweise Alle &hellip; <a href=\"https:\/\/kita-quirl.de\/?page_id=18\" class=\"more-link\"><span class=\"screen-reader-text\">Impressum<\/span> weiterlesen <span class=\"meta-nav\">&rarr;<\/span><\/a><\/p>\n","protected":false},"author":1,"featured_media":0,"parent":0,"menu_order":0,"comment_status":"closed","ping_status":"closed","template":"","meta":{"footnotes":""},"class_list":["post-18","page","type-page","status-publish","hentry"],"_links":{"self":[{"href":"https:\/\/kita-quirl.de\/index.php?rest_route=\/wp\/v2\/pages\/18","targetHints":{"allow":["GET"]}}],"collection":[{"href":"https:\/\/kita-quirl.de\/index.php?rest_route=\/wp\/v2\/pages"}],"about":[{"href":"https:\/\/kita-quirl.de\/index.php?rest_route=\/wp\/v2\/types\/page"}],"author":[{"embeddable":true,"href":"https:\/\/kita-quirl.de\/index.php?rest_route=\/wp\/v2\/users\/1"}],"replies":[{"embeddable":true,"href":"https:\/\/kita-quirl.de\/index.php?rest_route=%2Fwp%2Fv2%2Fcomments&post=18"}],"version-history":[{"count":7,"href":"https:\/\/kita-quirl.de\/index.php?rest_route=\/wp\/v2\/pages\/18\/revisions"}],"predecessor-version":[{"id":281,"href":"https:\/\/kita-quirl.de\/index.php?rest_route=\/wp\/v2\/pages\/18\/revisions\/281"}],"wp:attachment":[{"href":"https:\/\/kita-quirl.de\/index.php?rest_route=%2Fwp%2Fv2%2Fmedia&parent=18"}],"curies":[{"name":"wp","href":"https:\/\/api.w.org\/{rel}","templated":true}]}}